[INFO] fetching crate wasmer-derive-asml-fork 2.0.0...
[INFO] checking wasmer-derive-asml-fork-2.0.0 against master#9610dfe5a9a731ced1ea4923ecbd0c57fe367898 for beta-170-4
[INFO] extracting crate wasmer-derive-asml-fork 2.0.0 into /workspace/builds/worker-5-tc1/source
[INFO] validating manifest of crates.io crate wasmer-derive-asml-fork 2.0.0 on toolchain 9610dfe5a9a731ced1ea4923ecbd0c57fe367898
[INFO] running `Command { std: CARGO_HOME="/workspace/cargo-home" RUSTUP_HOME="/workspace/rustup-home" "/workspace/cargo-home/bin/cargo" "+9610dfe5a9a731ced1ea4923ecbd0c57fe367898" "metadata" "--manifest-path" "Cargo.toml" "--no-deps", kill_on_drop: false }`
[INFO] started tweaking crates.io crate wasmer-derive-asml-fork 2.0.0
[INFO] finished tweaking crates.io crate wasmer-derive-asml-fork 2.0.0
[INFO] tweaked toml for crates.io crate wasmer-derive-asml-fork 2.0.0 written to /workspace/builds/worker-5-tc1/source/Cargo.toml
[INFO] running `Command { std: CARGO_HOME="/workspace/cargo-home" RUSTUP_HOME="/workspace/rustup-home" __CARGO_TEST_CHANNEL_OVERRIDE_DO_NOT_USE_THIS="nightly" "/workspace/cargo-home/bin/cargo" "+9610dfe5a9a731ced1ea4923ecbd0c57fe367898" "generate-lockfile" "--manifest-path" "Cargo.toml" "-Zno-index-update", kill_on_drop: false }`
[INFO] running `Command { std: CARGO_HOME="/workspace/cargo-home" RUSTUP_HOME="/workspace/rustup-home" "/workspace/cargo-home/bin/cargo" "+9610dfe5a9a731ced1ea4923ecbd0c57fe367898" "fetch" "--manifest-path" "Cargo.toml", kill_on_drop: false }`
[INFO] [stderr]  Downloading crates ...
[INFO] [stderr]   Downloaded wasmer-derive-asml-fork v2.0.0
[INFO] [stderr]   Downloaded compiletest_rs v0.6.0
[INFO] [stderr]   Downloaded wasmer-asml-fork v2.0.0
[INFO] running `Command { std: "docker" "create" "-v" "/var/lib/crater-agent-workspace/builds/worker-5-tc1/target:/opt/rustwide/target:rw,Z" "-v" "/var/lib/crater-agent-workspace/builds/worker-5-tc1/source:/opt/rustwide/workdir:ro,Z" "-v" "/var/lib/crater-agent-workspace/cargo-home:/opt/rustwide/cargo-home:ro,Z" "-v" "/var/lib/crater-agent-workspace/rustup-home:/opt/rustwide/rustup-home:ro,Z" "-e" "SOURCE_DIR=/opt/rustwide/workdir" "-e" "CARGO_TARGET_DIR=/opt/rustwide/target" "-e" "CARGO_HOME=/opt/rustwide/cargo-home" "-e" "RUSTUP_HOME=/opt/rustwide/rustup-home" "-w" "/opt/rustwide/workdir" "-m" "1610612736" "--user" "0:0" "--network" "none" "ghcr.io/rust-lang/crates-build-env/linux@sha256:19e73879b68f455e41552ea35293514db52ea292d993f571636dbffedb77a1ee" "/opt/rustwide/cargo-home/bin/cargo" "+9610dfe5a9a731ced1ea4923ecbd0c57fe367898" "metadata" "--no-deps" "--format-version=1", kill_on_drop: false }`
[INFO] [stdout] d65da6edc9a350b3359efe8b9b5f08068adaa30a27c826d0c6b30b629c097e54
[INFO] running `Command { std: "docker" "start" "-a" "d65da6edc9a350b3359efe8b9b5f08068adaa30a27c826d0c6b30b629c097e54", kill_on_drop: false }`
[INFO] running `Command { std: "docker" "inspect" "d65da6edc9a350b3359efe8b9b5f08068adaa30a27c826d0c6b30b629c097e54", kill_on_drop: false }`
[INFO] running `Command { std: "docker" "rm" "-f" "d65da6edc9a350b3359efe8b9b5f08068adaa30a27c826d0c6b30b629c097e54", kill_on_drop: false }`
[INFO] [stdout] d65da6edc9a350b3359efe8b9b5f08068adaa30a27c826d0c6b30b629c097e54
[INFO] running `Command { std: "docker" "create" "-v" "/var/lib/crater-agent-workspace/builds/worker-5-tc1/target:/opt/rustwide/target:rw,Z" "-v" "/var/lib/crater-agent-workspace/builds/worker-5-tc1/source:/opt/rustwide/workdir:ro,Z" "-v" "/var/lib/crater-agent-workspace/cargo-home:/opt/rustwide/cargo-home:ro,Z" "-v" "/var/lib/crater-agent-workspace/rustup-home:/opt/rustwide/rustup-home:ro,Z" "-e" "SOURCE_DIR=/opt/rustwide/workdir" "-e" "CARGO_TARGET_DIR=/opt/rustwide/target" "-e" "CARGO_INCREMENTAL=0" "-e" "RUST_BACKTRACE=full" "-e" "RUSTFLAGS=--cap-lints=forbid" "-e" "RUSTDOCFLAGS=--cap-lints=forbid" "-e" "CARGO_HOME=/opt/rustwide/cargo-home" "-e" "RUSTUP_HOME=/opt/rustwide/rustup-home" "-w" "/opt/rustwide/workdir" "-m" "1610612736" "--user" "0:0" "--network" "none" "ghcr.io/rust-lang/crates-build-env/linux@sha256:19e73879b68f455e41552ea35293514db52ea292d993f571636dbffedb77a1ee" "/opt/rustwide/cargo-home/bin/cargo" "+9610dfe5a9a731ced1ea4923ecbd0c57fe367898" "check" "--frozen" "--all" "--all-targets" "--message-format=json", kill_on_drop: false }`
[INFO] [stdout] b7199fdb615824be075296d1af0a4ba989c3b75e4f65cbe0ad7a102bb23d90d1
[INFO] running `Command { std: "docker" "start" "-a" "b7199fdb615824be075296d1af0a4ba989c3b75e4f65cbe0ad7a102bb23d90d1", kill_on_drop: false }`
[INFO] [stderr]    Compiling proc-macro2 v1.0.59
[INFO] [stderr]    Compiling libc v0.2.144
[INFO] [stderr]    Compiling syn v1.0.109
[INFO] [stderr]    Compiling quote v1.0.28
[INFO] [stderr]    Compiling serde v1.0.163
[INFO] [stderr]     Checking once_cell v1.17.2
[INFO] [stderr]    Compiling ahash v0.7.6
[INFO] [stderr]    Compiling indexmap v1.9.3
[INFO] [stderr]    Compiling ident_case v1.0.1
[INFO] [stderr]    Compiling fnv v1.0.7
[INFO] [stderr]    Compiling rustversion v1.0.12
[INFO] [stderr]    Compiling target-lexicon v0.12.7
[INFO] [stderr]    Compiling cc v1.0.79
[INFO] [stderr]     Checking gimli v0.27.2
[INFO] [stderr]    Compiling thiserror v1.0.40
[INFO] [stderr]    Compiling syn v2.0.18
[INFO] [stderr]     Checking adler v1.0.2
[INFO] [stderr]     Checking smallvec v1.10.0
[INFO] [stderr]    Compiling rkyv v0.7.42
[INFO] [stderr]     Checking miniz_oxide v0.6.2
[INFO] [stderr]     Checking object v0.30.3
[INFO] [stderr]     Checking seahash v4.1.0
[INFO] [stderr]     Checking rustc-demangle v0.1.23
[INFO] [stderr]     Checking more-asserts v0.2.2
[INFO] [stderr]    Compiling backtrace v0.3.67
[INFO] [stderr]     Checking scopeguard v1.1.0
[INFO] [stderr]     Checking addr2line v0.19.0
[INFO] [stderr]    Compiling log v0.4.18
[INFO] [stderr]     Checking wasmparser v0.83.0
[INFO] [stderr]    Compiling proc-macro-error-attr v1.0.4
[INFO] [stderr]    Compiling corosensei v0.1.3
[INFO] [stderr]     Checking getrandom v0.2.9
[INFO] [stderr]    Compiling memoffset v0.6.5
[INFO] [stderr]    Compiling proc-macro-error v1.0.4
[INFO] [stderr]    Compiling cranelift-codegen-shared v0.82.3
[INFO] [stderr]     Checking hashbrown v0.12.3
[INFO] [stderr]    Compiling cranelift-codegen-meta v0.82.3
[INFO] [stderr]     Checking num_cpus v1.15.0
[INFO] [stderr]    Compiling crc32fast v1.3.2
[INFO] [stderr]    Compiling io-lifetimes v1.0.11
[INFO] [stderr]     Checking unicode-width v0.1.10
[INFO] [stderr]     Checking leb128 v0.2.5
[INFO] [stderr]     Checking crossbeam-epoch v0.9.14
[INFO] [stderr]     Checking region v3.0.0
[INFO] [stderr]     Checking stable_deref_trait v1.2.0
[INFO] [stderr]     Checking fallible-iterator v0.2.0
[INFO] [stderr]     Checking either v1.8.1
[INFO] [stderr]     Checking rustc-hash v1.1.0
[INFO] [stderr]    Compiling rustix v0.37.19
[INFO] [stderr]     Checking cranelift-entity v0.82.3
[INFO] [stderr]     Checking unicode-ident v1.0.9
[INFO] [stderr]     Checking cranelift-bforest v0.82.3
[INFO] [stderr]     Checking regalloc v0.0.34
[INFO] [stderr]     Checking crossbeam-deque v0.8.3
[INFO] [stderr]     Checking hashbrown v0.11.2
[INFO] [stderr]     Checking dirs-sys-next v0.1.2
[INFO] [stderr]     Checking memmap2 v0.5.10
[INFO] [stderr]     Checking tracing-core v0.1.31
[INFO] [stderr]     Checking linux-raw-sys v0.3.8
[INFO] [stderr]     Checking dirs-next v2.0.0
[INFO] [stderr]     Checking rayon-core v1.11.0
[INFO] [stderr]     Checking wasm-encoder v0.29.0
[INFO] [stderr]    Compiling darling_core v0.20.1
[INFO] [stderr]    Compiling wasmer-compiler-cranelift v2.3.0
[INFO] [stderr]     Checking fastrand v1.9.0
[INFO] [stderr]     Checking wast v60.0.0
[INFO] [stderr]     Checking rayon v1.7.0
[INFO] [stderr]    Compiling cranelift-codegen v0.82.3
[INFO] [stderr]     Checking term v0.7.0
[INFO] [stderr]     Checking which v4.4.0
[INFO] [stderr]     Checking getopts v0.2.21
[INFO] [stderr]     Checking aho-corasick v1.0.1
[INFO] [stderr]     Checking tempfile v3.5.0
[INFO] [stderr]     Checking libloading v0.7.4
[INFO] [stderr]     Checking regex-syntax v0.7.2
[INFO] [stderr]    Compiling compiletest_rs v0.6.0
[INFO] [stderr]     Checking tester v0.9.1
[INFO] [stderr]     Checking filetime v0.2.21
[INFO] [stderr]    Compiling ptr_meta_derive v0.1.4
[INFO] [stderr]    Compiling serde_derive v1.0.163
[INFO] [stderr]    Compiling darling_macro v0.20.1
[INFO] [stderr]    Compiling thiserror-impl v1.0.40
[INFO] [stderr]    Compiling enum-iterator-derive v0.7.0
[INFO] [stderr]    Compiling rkyv_derive v0.7.42
[INFO] [stderr]     Checking ptr_meta v0.1.4
[INFO] [stderr]    Compiling darling v0.20.1
[INFO] [stderr]    Compiling loupe-derive v0.1.3
[INFO] [stderr]    Compiling enumset_derive v0.8.1
[INFO] [stderr]     Checking enum-iterator v0.7.0
[INFO] [stderr]    Compiling tracing-attributes v0.1.24
[INFO] [stderr]     Checking regex v1.8.3
[INFO] [stderr]     Checking wat v1.0.66
[INFO] [stderr]    Compiling wasmer-derive-asml-fork v2.0.0
[INFO] [stderr]     Checking diff v0.1.13
[INFO] [stderr]    Compiling wasmer-derive-asml-fork v2.0.0 (/opt/rustwide/workdir)
[INFO] [stderr]     Checking enumset v1.1.2
[INFO] [stderr]     Checking tracing v0.1.37
[INFO] [stderr]     Checking serde_bytes v0.11.9
[INFO] [stderr]     Checking serde_json v1.0.96
[INFO] [stderr]     Checking loupe v0.1.3
[INFO] [stderr]     Checking gimli v0.26.2
[INFO] [stderr]     Checking object v0.28.4
[INFO] [stderr]     Checking wasmer-types v2.3.0
[INFO] [stderr]     Checking rustfix v0.5.1
[INFO] [stderr]     Checking wasmer-compiler v2.3.0
[INFO] [stderr]     Checking wasmer-artifact v2.3.0
[INFO] [stderr]     Checking wasmer-object v2.3.0
[INFO] [stderr]     Checking wasmer-vm v2.3.0
[INFO] [stderr]     Checking wasmer-engine-universal-artifact v2.3.0
[INFO] [stderr]     Checking wasmer-engine v2.3.0
[INFO] [stderr]     Checking wasmer-engine-universal v2.3.0
[INFO] [stderr]     Checking wasmer-engine-dylib v2.3.0
[INFO] [stderr]     Checking cranelift-frontend v0.82.3
[INFO] [stderr]     Checking wasmer-asml-fork v2.0.0
[INFO] [stdout] error[E0432]: unresolved import `wasmer_engine::is_wasm_pc`
[INFO] [stdout]  --> /opt/rustwide/cargo-home/registry/src/index.crates.io-6f17d22bba15001f/wasmer-asml-fork-2.0.0/src/store.rs:8:21
[INFO] [stdout]   |
[INFO] [stdout] 8 | use wasmer_engine::{is_wasm_pc, Engine, Tunables};
[INFO] [stdout]   |                     ^^^^^^^^^^ no `is_wasm_pc` in the root
[INFO] [stdout] 
[INFO] [stdout] 
[INFO] [stdout] error[E0407]: method `as_any` is not a member of trait `TrapHandler`
[INFO] [stdout]   --> /opt/rustwide/cargo-home/registry/src/index.crates.io-6f17d22bba15001f/wasmer-asml-fork-2.0.0/src/store.rs:86:5
[INFO] [stdout]    |
[INFO] [stdout] 86 | /     fn as_any(&self) -> &dyn Any {
[INFO] [stdout] 87 | |         self
[INFO] [stdout] 88 | |     }
[INFO] [stdout]    | |_____^ not a member of trait `TrapHandler`
[INFO] [stdout] 
[INFO] [stdout] 
[INFO] [stdout] error[E0277]: the trait bound `u64: From<usize>` is not satisfied
[INFO] [stdout]    --> /opt/rustwide/cargo-home/registry/src/index.crates.io-6f17d22bba15001f/wasmer-asml-fork-2.0.0/src/externals/memory.rs:134:28
[INFO] [stdout]     |
[INFO] [stdout] 134 |         def.current_length.into()
[INFO] [stdout]     |                            ^^^^ the trait `From<usize>` is not implemented for `u64`
[INFO] [stdout]     |
[INFO] [stdout]     = help: the following other types implement trait `From<T>`:
[INFO] [stdout]               <u64 as From<NonZeroU64>>
[INFO] [stdout]               <u64 as From<bool>>
[INFO] [stdout]               <u64 as From<char>>
[INFO] [stdout]               <u64 as From<cranelift_codegen::ir::immediates::Uimm32>>
[INFO] [stdout]               <u64 as From<cranelift_codegen::ir::immediates::Uimm64>>
[INFO] [stdout]               <u64 as From<gimli::read::cfi::Pointer>>
[INFO] [stdout]               <u64 as From<u16>>
[INFO] [stdout]               <u64 as From<u32>>
[INFO] [stdout]               <u64 as From<u8>>
[INFO] [stdout]             and 2 others
[INFO] [stdout]     = note: required for `usize` to implement `Into<u64>`
[INFO] [stdout] 
[INFO] [stdout] 
[INFO] [stdout] error[E0061]: this function takes 0 arguments but 1 argument was supplied
[INFO] [stdout]    --> /opt/rustwide/cargo-home/registry/src/index.crates.io-6f17d22bba15001f/wasmer-asml-fork-2.0.0/src/store.rs:51:9
[INFO] [stdout]     |
[INFO] [stdout] 51  |         init_traps(is_wasm_pc);
[INFO] [stdout]     |         ^^^^^^^^^^ ----------
[INFO] [stdout]     |                    |
[INFO] [stdout]     |                    unexpected argument
[INFO] [stdout]     |                    help: remove the extra argument
[INFO] [stdout]     |
[INFO] [stdout] note: function defined here
[INFO] [stdout]    --> /opt/rustwide/cargo-home/registry/src/index.crates.io-6f17d22bba15001f/wasmer-vm-2.3.0/src/trap/traphandlers.rs:546:8
[INFO] [stdout]     |
[INFO] [stdout] 546 | pub fn init_traps() {
[INFO] [stdout]     |        ^^^^^^^^^^
[INFO] [stdout] 
[INFO] [stdout] 
[INFO] [stdout] error: aborting due to 4 previous errors
[INFO] [stdout] 
[INFO] [stdout] 
[INFO] [stdout] Some errors have detailed explanations: E0061, E0277, E0407, E0432.
[INFO] [stdout] 
[INFO] [stdout] For more information about an error, try `rustc --explain E0061`.
[INFO] [stdout] 
[INFO] [stderr] error: could not compile `wasmer-asml-fork` (lib) due to 5 previous errors
[INFO] running `Command { std: "docker" "inspect" "b7199fdb615824be075296d1af0a4ba989c3b75e4f65cbe0ad7a102bb23d90d1", kill_on_drop: false }`
[INFO] running `Command { std: "docker" "rm" "-f" "b7199fdb615824be075296d1af0a4ba989c3b75e4f65cbe0ad7a102bb23d90d1", kill_on_drop: false }`
[INFO] [stdout] b7199fdb615824be075296d1af0a4ba989c3b75e4f65cbe0ad7a102bb23d90d1
